 are the prime factors of 131509382?
2, 17, 3867923
What are the prime factors of 62156078?
2, 37, 137, 6131
List the prime factors of 2008374203.
11, 17, 313, 34313
List the prime factors of 172750512.
2, 3, 11, 327179
What are the prime factors of 12017360?
2, 5, 150217
List the prime factors of 59574796.
2, 61, 244159
List the prime factors of 21127625.
5, 173, 977
What are the prime factors of 5708523920?
2, 5, 11, 6486959
List the prime factors of 130596479.
13, 10045883
List the prime factors of 155134009.
155134009
List the prime factors of 884746603.
13, 31, 97, 1741
List the prime factors of 43742265.
3, 5, 7, 416593
List the prime factors of 89716051.
73, 1228987
List the prime factors of 169376059.
169376059
What are the prime factors of 49438687?
127, 193, 2017
What are the prime factors of 441143280?
2, 3, 5, 204233
List the prime factors of 580067265.
3, 5, 38671151
What are the prime factors of 142446380?
2, 5, 7122319
List the prime factors of 180484691.
180484691
What are the prime factors of 1970877364?
2, 577, 853933
List the prime factors of 100895020.
2, 5, 23, 137, 1601
What are the prime factors of 689503910?
2, 5, 68950391
List the prime factors of 15484763.
7, 1327, 1667
What are the prime factors of 5062959486?
2, 3, 13, 7212193
What are the prime factors of 385659014?
2, 13, 367, 3109
What are the prime factors of 60728512?
2, 13, 47, 1553
List the prime factors of 107199054.
2, 3, 31, 192113
What are the prime factors of 350704975?
5, 29, 53, 9127
What are the prime factors of 460202417?
460202417
What are the prime factors of 292900077?
3, 277, 39163
List the prime factors of 447106694.
2, 4231, 52837
What are the prime factors of 86856931?
7, 421, 29473
What are the prime factors of 7192486999?
7192486999
List the prime factors of 55947956.
2, 109, 128321
What are the prime factors of 241592664?
2, 3, 41, 245521
List the prime factors of 100921437.
3, 107, 181, 193
What are the prime factors of 1025368877?
13, 19, 41, 73
List the prime factors of 778772397.
3, 13, 17, 1174619
List the prime factors of 16007536.
2, 29, 34499
What are the prime factors of 63988148?
2, 7, 2285291
What are the prime factors of 850718563?
850718563
List the prime factors of 5445444262.
2, 139, 293, 66853
List the prime factors of 22649566.
2, 11324783
List the prime factors of 1606005838.
2, 803002919
What are the prime factors of 135903398?
2, 67951699
What are the prime factors of 1451902942?
2, 7, 691, 150083
What are the prime factors of 59376637?
79, 653, 1151
What are the prime factors of 317094351?
3, 7, 2657, 5683
What are the prime factors of 4085224410?
2, 3, 5, 673, 202339
List the prime factors of 3102142490.
2, 5, 17, 151, 120847
What are the prime factors of 617334540?
2, 3, 5, 41, 250949
What are the prime factors of 23043562?
2, 23, 500947
What are the prime factors of 54801695?
5, 13, 843103
List the prime factors of 680480741.
680480741
What are the prime factors of 96446788?
2, 24111697
List the prime factors of 145991117.
19, 61, 125963
What are the prime factors of 3340403883?
3, 9133, 40639
List the prime factors of 865515471.
3, 288505157
List the prime factors of 181997711.
7, 3714239
List the prime factors of 491199581.
17, 2293, 12601
List the prime factors of 252212048.
2, 11, 109, 13147
What are the prime factors of 21105920?
2, 5, 11, 1499
What are the prime factors of 3834080174?
2, 23, 1847, 45127
List the prime factors of 333320327.
953, 349759
List the prime factors of 51962330.
2, 5, 7, 673, 1103
List the prime factors of 25194310.
2, 5, 349, 7219
List the prime factors of 33256091.
11, 23, 131447
What are the prime factors of 3089299104?
2, 3, 1063, 10091
List the prime factors of 793243112.
2, 73, 223, 6091
What are the prime factors of 589346520?
2, 3, 5, 7, 73, 1373
What are the prime factors of 8743381?
23, 380147
What are the prime factors of 55853206?
2, 2161, 12923
List the prime factors of 122557633.
11, 191, 5303
What are the prime factors of 114593181?
3, 29, 37, 97, 367
What are the prime factors of 323425204?
2, 17, 4756253
What are the prime factors of 164731509?
3, 6101167
What are the prime factors of 632238523?
7, 263323
List the prime factors of 843165692.
2, 210791423
List the prime factors of 131018616.
2, 3, 41, 44383
List the prime factors of 13660802.
2, 439, 15559
What are the prime factors of 1142930971?
7, 13, 31, 379, 1069
What are the prime factors of 39491323?
17, 41, 56659
What are the prime factors of 645506422?
2, 11, 17, 1725953
What are the prime factors of 591745998?
2, 3, 98624333
What are the prime factors of 4797503843?
11, 29, 503, 1031
What are the prime factors of 12977477?
17, 763381
What are the prime factors of 200534621?
7, 28647803
What are the prime factors of 1180856760?
2, 3, 5, 73, 163, 827
List the prime factors of 743953375.
5, 11, 101, 487
What are the prime factors of 104136903?
3, 13, 331, 2689
List the prime factors of 60247359.
3, 37, 239, 757
List the prime factors of 39721336.
2, 43, 115469
What are the prime factors of 486591781?
13, 53, 706229
List the prime factors of 170332960.
2, 5, 7, 152083
List the prime factors of 54275018.
2, 7, 3876787
What are the prime factors of 247256339?
11, 22477849
What are the prime factors of 163606983?
3, 54535661
List the prime factors of 542275566.
2, 3, 7, 47, 274709
What are the prime factors of 108166067?
167, 787, 823
List the prime factors of 1745729632.
2, 223, 244637
List the prime factors of 77096478.
2, 3, 1459, 8807
What are the prime factors of 39021951?
3, 59, 113, 1951
List the prime factors of 20970125.
5, 11, 101, 151
List the prime factors of 80946488.
2, 7, 73, 19801
What are the prime factors of 109518892?
2, 7, 1471, 2659
What are the prime factors of 14861936?
2, 928871
List the prime factors of 376813582.
2, 188406791
List the prime factors of 7615954953.
3, 173, 4891429
What are the prime factors of 45958628?
2, 509, 22573
What are the prime factors of 193785695?
5, 23, 1685093
What are the prime factors of 2633081383?
157, 3061, 5479
List the prime factors of 39977866.
2, 73, 273821
List the prime factors of 11782994.
2, 47, 103, 1217
List the prime factors of 1024616064.
2, 3, 2668271
List the prime factors of 156890789.
11, 43, 331693
What are the prime factors of 692045794?
2, 11, 839, 37493
What are the prime factors of 2064566197?
89, 23197373
List the prime factors of 657255288.
2, 3, 27385637
What are the prime factors of 283948312?
2, 19, 71, 83, 317
What are the prime factors of 330645441?
3, 7, 131, 263, 457
List the prime factors of 333134293.
333134293
What are the prime factors of 4834605?
3, 5, 31, 37, 281
What are the prime factors of 18868924?
2, 23, 205097
List the prime factors of 129944895.
3, 5, 19, 47, 89, 109
List the prime factors of 86601942.
2, 3, 7, 687317
List the prime factors of 228979267.
11, 67, 97, 3203
What are the prime factors of 127816329?
3, 2221, 19183
What are the prime factors of 4237438?
2, 337, 6287
What are the prime factors of 274732556?
2, 7, 59, 166303
What are the prime factors of 157349789?
37, 1571, 2707
List the prime factors of 606535688.
2, 11, 61, 103, 1097
List the prime factors of 1414606222.
2, 7283, 97117
List the prime factors of 200747236.
2, 19, 2641411
List the prime factors of 2419423862.
2, 19, 63669049
What are the prime factors of 45853482?
2, 3, 47, 162601
What are the prime factors of 186957467?
173, 1080679
List the prime factors of 44200784.
2, 2762549
What are the prime factors of 950562217?
11, 409, 211283
What are the prime factors of 31528707?
3, 7, 214481
List the prime factors of 228567368.
2, 28570921
List the prime factors of 373287138.
2, 3, 7, 113, 78653
List the prime factors of 57486697.
73, 787489
What are the prime factors of 287707028?
2, 7, 29, 1033
What are the prime factors of 1583311067?
13, 37, 3291707
List the prime factors of 47658901.
47658901
List the prime factors of 462087767.
31, 103, 144719
List the prime factors of 7010076139.
11, 79, 1427, 5653
List the prime factors of 43857140.
2, 5, 2192857
What are the prime factors of 37747309?
37747309
List the prime factors of 706201260.
2, 3, 5, 11770021
List the prime factors of 19217581.
23, 241, 3467
List the prime factors of 41031682.
